ctors of 22799672?
2, 7, 407137
What are the prime factors of 374513?
239, 1567
List the prime factors of 448174.
2, 331, 677
List the prime factors of 1216960.
2, 5, 3803
List the prime factors of 14729750.
2, 5, 7, 19, 443
What are the prime factors of 260215?
5, 71, 733
List the prime factors of 7962027.
3, 1373, 1933
List the prime factors of 819385.
5, 7, 41, 571
List the prime factors of 1502056.
2, 359, 523
List the prime factors of 4300.
2, 5, 43
What are the prime factors of 526064?
2, 7, 11, 61
List the prime factors of 11656540.
2, 5, 7, 139, 599
What are the prime factors of 315268?
2, 269, 293
What are the prime factors of 26406588?
2, 3, 13, 29, 449
List the prime factors of 22106050.
2, 5, 442121
What are the prime factors of 3418058?
2, 7, 244147
List the prime factors of 21659546.
2, 181, 59833
List the prime factors of 2035241.
13, 47, 3331
What are the prime factors of 6320451?
3, 37, 56941
List the prime factors of 26920.
2, 5, 673
List the prime factors of 14564.
2, 11, 331
What are the prime factors of 81378?
2, 3, 11, 137
What are the prime factors of 2948588?
2, 737147
List the prime factors of 4409400.
2, 3, 5, 7349
List the prime factors of 299061.
3, 7, 47, 101
What are the prime factors of 2196546?
2, 3, 11, 23, 1447
List the prime factors of 165982.
2, 37, 2243
What are the prime factors of 18622505?
5, 11, 30781
List the prime factors of 231460.
2, 5, 71, 163
What are the prime factors of 14502381?
3, 4834127
What are the prime factors of 7125220?
2, 5, 356261
List the prime factors of 6642274.
2, 17, 347, 563
What are the prime factors of 1058143?
1058143
What are the prime factors of 165524?
2, 41381
What are the prime factors of 744839?
67, 11117
List the prime factors of 71169.
3, 7, 3389
List the prime factors of 22717630.
2, 5, 13, 37, 4723
What are the prime factors of 16521282?
2, 3, 917849
List the prime factors of 353386.
2, 11, 16063
What are the prime factors of 573524?
2, 7, 20483
What are the prime factors of 10184214?
2, 3, 419, 4051
List the prime factors of 2136245.
5, 427249
List the prime factors of 8427984.
2, 3, 71, 2473
List the prime factors of 102527.
17, 37, 163
What are the prime factors of 409016?
2, 29, 41, 43
List the prime factors of 1721535.
3, 5, 114769
What are the prime factors of 12855886?
2, 31, 101, 2053
What are the prime factors of 917765?
5, 173, 1061
What are the prime factors of 1248233?
7, 23, 7753
List the prime factors of 24420561.
3, 11, 499, 1483
What are the prime factors of 132569?
43, 3083
List the prime factors of 3474541.
7, 23, 3083
List the prime factors of 4863.
3, 1621
List the prime factors of 1729432.
2, 216179
List the prime factors of 5162575.
5, 11, 18773
List the prime factors of 21071835.
3, 5, 29, 67, 241
What are the prime factors of 2049333?
3, 11, 13, 17, 281
List the prime factors of 4486.
2, 2243
What are the prime factors of 12275?
5, 491
List the prime factors of 815955.
3, 5, 7, 19, 409
List the prime factors of 1234481.
773, 1597
What are the prime factors of 31035?
3, 5, 2069
List the prime factors of 3497088.
2, 3, 7, 1301
List the prime factors of 1543644.
2, 3, 14293
List the prime factors of 2265919.
677, 3347
List the prime factors of 41343368.
2, 11, 469811
List the prime factors of 2176115.
5, 435223
List the prime factors of 433841.
83, 5227
What are the prime factors of 397649?
7, 56807
List the prime factors of 660742.
2, 101, 3271
What are the prime factors of 561392?
2, 13, 2699
List the prime factors of 179655.
3, 5, 7, 29, 59
List the prime factors of 313307.
313307
What are the prime factors of 1322589?
3, 440863
What are the prime factors of 221864?
2, 27733
What are the prime factors of 3423784?
2, 7, 13, 4703
List the prime factors of 501000.
2, 3, 5, 167
List the prime factors of 8686063.
313, 27751
What are the prime factors of 1091159?
1091159
List the prime factors of 18632920.
2, 5, 19, 24517
What are the prime factors of 880959?
3, 103, 2851
List the prime factors of 18908.
2, 29, 163
What are the prime factors of 1184831?
101, 11731
What are the prime factors of 2726017?
7, 55633
List the prime factors of 14283494.
2, 773, 9239
List the prime factors of 11602854.
2, 3, 349, 1847
What are the prime factors of 1233149?
31, 39779
List the prime factors of 8540.
2, 5, 7, 61
List the prime factors of 660516.
2, 3, 19, 2897
What are the prime factors of 4528776?
2, 3, 7, 3851
List the prime factors of 425428.
2, 106357
What are the prime factors of 12351109?
797, 15497
What are the prime factors of 181750?
2, 5, 727
List the prime factors of 180946.
2, 90473
What are the prime factors of 768779?
11, 47, 1487
List the prime factors of 244449.
3, 157, 173
What are the prime factors of 202856?
2, 25357
List the prime factors of 5998523.
991, 6053
List the prime factors of 12524340.
2, 3, 5, 208739
List the prime factors of 426644.
2, 106661
List the prime factors of 851818.
2, 11, 31, 1249
List the prime factors of 1999197.
3, 191, 1163
What are the prime factors of 2599166?
2, 1299583
What are the prime factors of 711801?
3, 41, 643
What are the prime factors of 259354?
2, 103, 1259
List the prime factors of 238144.
2, 61
What are the prime factors of 43957?
113, 389
What are the prime factors of 748030?
2, 5, 19, 31, 127
What are the prime factors of 797309?
797309
What are the prime factors of 737346?
2, 3, 122891
List the prime factors of 110378.
2, 229, 241
What are the prime factors of 1834367?
97, 18911
List the prime factors of 13497519.
3, 7, 642739
List the prime factors of 242120.
2, 5, 6053
What are the prime factors of 266619?
3, 88873
What are the prime factors of 280935?
3, 5, 2081
What are the prime factors of 3408547?
3408547
List the prime factors of 11227396.
2, 2806849
List the prime factors of 278807.
278807
What are the prime factors of 1202138?
2, 7, 17, 5051
List the prime factors of 6203449.
7, 126601
What are the prime factors of 2334022?
2, 1167011
What are the prime factors of 27040029?
3, 31, 479, 607
What are the prime factors of 8689476?
2, 3, 724123
List the prime factors of 1109761.
1109761
What are the prime factors of 1926455?
5, 385291
What are the prime factors of 17328760?
2, 5, 19, 151
What are the prime factors of 652728?
2, 3, 27197
What are the prime factors of 1378887?
3, 17, 19, 1423
What are the prime factors of 14922849?
3, 29, 43, 3989
What are the prime factors of 1189470?
2, 3, 5, 31, 1279
What are the prime factors of 509926?
2, 254963
What are the prime factors of 71216?
2, 4451
List the prime factors of 430809.
3, 163, 881
List the prime factors of 3320108.
2, 11, 61, 1237
List the prime factors of 865075.
5, 34603
What are the prime factors of 5166738?
2, 3, 41, 7001
What are the prime factors of 1025288?
2, 11, 61, 191
List the prime factors of 2083732.
2, 7, 74419
What are the prime factors of 4959095?
5, 19, 52201
What are the prime factors of 534096?
2, 3, 3709
List the prime factors of 433031.
167, 2593
What are the prime factors of 12798226?
2, 7, 31, 37, 797
What are the prime factors of 1309961?
1309961
List the prime factors of 405831.
3, 135277
List the prime factors of 6227242.
2, 7, 444803
What are the prime factors of 2432636?
2, 29, 67, 313
What are the prime factors of 2848418?
2, 17, 83777
What are the prime factors of 4176100?
2, 5, 41761
What are the prime factors of 1106678?
2, 127, 4357
What are the prime factors of 187628?
2, 7, 6701
List the prime factors of 924397.
924397
List the prime factors of 430967.
17, 101, 251
List the prime factors of 174346.
2, 179, 487
List the prime factors of 2144873.
17, 281, 449
What are the prime factors of 40441?
37, 1093
What are the prime factors of 1446511?
11, 131501
What are the prime factors of 4875644?
2, 1218911
List the prime factors of 1682133.
3, 17, 32983
What are the prime factors of 372349?
59, 6311
What are the prime factors of 6515300?
2, 5, 11, 5923
What are the prime factors of 367311?
3, 7, 17491
What are the prime factors of 10149?
3, 17, 199
What are the prime factors of 3234490?
2, 5, 7, 23, 41
List the prime factors of 1682900.
2, 5, 16829
What are the prime factors of 1094275?
5, 7, 13, 37
List the prime factors of 2958800.
2, 5, 13, 569
What are the prime factors of 49540?
2, 5, 2477
What